)/(-2)*(-6)/(-9).
19
Let o = 4 + -1. Let v(i) = -i**3 + 4*i**2 - i - 4. Let j be v(o). What are the prime factors of (-3)/((-1 + j)/(-1))?
3
Suppose -3*c - 27 = -2*z + 15, -3*c = -5*z + 87. List the prime factors of z.
3, 5
Let j(u) = u**2 + u - 7. Let z be j(0). Let f = 11 + z. List the prime factors of f.
2
Let x be -5*2*(-3)/15. Let d be x/((-4)/(-18))*9. Suppose -d = -5*b - 31. What are the prime factors of b?
2, 5
Let i be (-326)/(-8) + (-1)/(-4). Suppose -3*n - 53 = n + 3*u, 3*n + u = -i. What are the prime factors of 8/4 - n/2?
3
Let u = 11 - 13. List the prime factors of ((-100)/15)/(u/3).
2, 5
Suppose -q + 112 = 7*q. What are the prime factors of q?
2, 7
Let l = -168 - -330. List the prime factors of l.
2, 3
Suppose 3*p - 216 = -4*j + 7*p, 5*j + p = 264. List the prime factors of j.
53
Let f = 2 + -2. Suppose -2*d = -4*o - 12, f*o - 5*o = -d + 9. List the prime factors of d.
2
Let z(m) = 13*m**2 + 5*m - 21. What are the prime factors of z(-5)?
3, 31
Let f be 24/(-20)*(-2 + -3). Suppose 0*t + f*t = 54. List the prime factors of t.
3
Suppose 0 = -l - 25 - 39. Let n = l + 102. What are the prime factors of n?
2, 19
Let c be 4/10 + 218/5. Suppose 4*l = -8 + c. List the prime factors of l.
3
Let d = 6 + 33. List the prime factors of d.
3, 13
List the prime factors of 7/(14/(-4)) + 35.
3, 11
Let p(t) = t - 5. Let o be p(9). Suppose 0 = -5*s + 3*b + 2*b + 45, b = o*s - 48. List the prime factors of s.
13
Let s(g) = g - 2. Let l be s(-6). Let j(i) = -3*i - 11. List the prime factors of j(l).
13
Let n(u) = 5*u + 6. Let o be n(-5). Let c = 29 - o. What are the prime factors of c?
2, 3
Let i be (21/15 + -1)*-5. Let r = 6 + i. Suppose 0 = -r*u + 4, 5*s + 2*u = -2*u + 34. What are the prime factors of s?
2, 3
Suppose 12 = 5*c - 13. Suppose 0 = c*f - 64 - 61. List the prime factors of f.
5
Let y(b) = b**2 - 2. Let u be y(2). Let w(j) = -2*j**2 - j + 2. Let i be w(u). List the prime factors of (-93)/(-12) - 2/i.
2
Let p = 543 + -386. List the prime factors of p.
157
What are the prime factors of (-44)/((-16)/4) + -2?
3
Let f(s) = 2*s + 16. What are the prime factors of f(21)?
2, 29
Suppose -1027 = 3*t + 725. Let o be 4/14 + t/(-14). Suppose -w - o = -3*w. List the prime factors of w.
3, 7
Suppose -2*v + 92 = -2*j + 4*j, j = 5*v - 230. Let s(m) = -3*m + 9. Let w be s(7). What are the prime factors of w/(-30) - v/(-10)?
5
Suppose 216 = 4*m + 56. Let x = -26 + m. What are the prime factors of x?
2, 7
Let p(a) = 2 - a - 6 + 0*a - 4. Let y be p(-10). Suppose 4*l - 7 - 1 = -5*o, y = -o - 2*l. List the prime factors of o.
2
Suppose -2*y - 102 = -5*y. Suppose -3*h = -h - y. List the prime factors of h.
17
Let r be (-9)/3*(-7)/3. Let z = r + -2. What are the prime factors of z?
5
Let d(p) = 2*p**2 + 2*p - 4. What are the prime factors of d(3)?
2, 5
Let t = 15 + -22. What are the prime factors of t + 28 - (1 - 1)?
3, 7
Let k(c) = -c + 65. List the prime factors of k(-22).
3, 29
Let r = 3 - -4. Let i = -34 + 34. Suppose 4*p + r = g, -2*p + i = 2*g - 34. What are the prime factors of g?
3, 5
Suppose -r = -5*m - 4, 2*r - 8 = -0*r + 3*m. Let g = -30 + 42. Suppose 2*z = r*z - g. List the prime factors of z.
2, 3
Let c(z) = z**3 + 11*z**2 - z - 11. Let a be c(-11). Suppose 0 = -5*b - a*b + 45. List the prime factors of b.
3
Suppose -g = g. Suppose 2*p - 114 = -g*p. What are the prime factors of p?
3, 19
Let k(l) be the first derivative of -13*l**5/120 - l**4/24 + l**3/3 + 3. Let z(x) be the third derivative of k(x). What are the prime factors of z(-1)?
2, 3
Let w(p) be the second derivative of p**3/6 + 2*p**2 - 3*p. Let d = -1 - -4. What are the prime factors of w(d)?
7
Let i(h) = -6*h**3 - h**2 + h + 2. Let o = -21 + 19. List the prime factors of i(o).
2, 11
Let t(a) = 6*a**2 + a + 1. Suppose 4*h = -7 + 3. Let u be t(h). Let k = 11 - u. List the prime factors of k.
5
Let a(u) = u**3 + 8*u**2 - 10*u + 10. Let m be a(-9). Let k(q) = -12*q - 1. Let j be k(-1). Suppose -j = -3*d + m. What are the prime factors of d?
2, 5
Let h = 3 - -2. Suppose h*a - 24 = r, 2*r + 3*a + 0*a - 17 = 0. Suppose -p = 2*y - 6, 5*y - 4 - r = 0. List the prime factors of p.
2
List the prime factors of 11 + -4 + -1 - 4 - -3.
5
Let g = -374 + 745. List the prime factors of g.
7, 53
Let l(q) = -10*q**3 - 3*q**2 - 3*q - 1. List the prime factors of l(-1).
3
Let p(w) = -11*w - 14. List the prime factors of p(-5).
41
Suppose -2*g = -5*g - 51. Let t = -9 - g. What are the prime factors of t?
2
Suppose 0*z + 2 = -z. Let s = z + 7. What are the prime factors of s?
5
Let r be ((-1)/1)/(2/(-6)). Let j(y) = y**2 - y + 4. What are the prime factors of j(r)?
2, 5
Let m(s) = -3*s + 3. Let x(z) = z**2 + 5*z + 5. Let u be x(-4). Suppose -2*i - u = 5. What are the prime factors of m(i)?
2, 3
Let h(k) = -k**2 - 2*k + 1. Let n be h(2). Let q(m) = -m**2 - 8*m. Let a be q(n). Suppose a*u - 4*u - 36 = 0. List the prime factors of u.
2, 3
Suppose -6*k + 4*k = -52. List the prime factors of k.
2, 13
Let w(d) = d**3 - 6*d**2 + 3. Let a be w(6). Suppose 6*n - 5*j - 10 = n, 15 = a*j. What are the prime factors of n?
7
Suppose 0 = -9*d + 11*d + 14. Let s(u) be the third derivative of u**6/120 + 7*u**5/60 + 5*u**3/3 - 2*u**2. What are the prime factors of s(d)?
2, 5
Suppose 2 = -3*m + m. Let z be (1 + 0)*m - -27. Suppose -g - 7 = -p + 3, 3*p - 5*g - z = 0. List the prime factors of p.
2, 3
Let o(h) = -3*h - 5. Let r(j) be the third derivative of j**4/24 + j**3/2 - 2*j**2. Let c be r(-9). List the prime factors of o(c).
13
Let i(z) = -4*z + 2. List the prime factors of i(-3).
2, 7
Let u(x) = -x**2 + 3. Let p(m) = -2*m**2 - m + 5. Let q(v) = 3*p(v) - 7*u(v). Let w = 8 + -3. What are the prime factors of q(w)?
2
Let k(w) = -20*w - 17. Let q(s) = 7*s + 6. Let z(o) = 6*k(o) + 17*q(o). List the prime factors of z(-4).
2
Let r(h) be the third derivative of 1/8*h**4 + h**2 - 1/6*h**3 - 1/15*h**5 - 1/120*h**6 + 0*h + 0. What are the prime factors of r(-5)?
3
Let i(p) be the second derivative of -p**5/120 + p**4/3 - p**3/6 + 2*p. Let s(u) be the second derivative of i(u). What are the prime factors of s(4)?
2
Let a = -51 - -1. What are the prime factors of (-1 + 4)/((-6)/a)?
5
Let j be (5 - 4)*0/2. Let z(t) = 3*t**3 - 3*t**2 - 2. Let g(y) = 2*y**3 - 2*y**2 - 2. Let s(l) = -4*g(l) + 3*z(l). List the prime factors of s(j).
2
Let q = -5 + 22. What are the prime factors of q?
17
List the prime factors of 1/((-1)/(-5)*4/136).
2, 5, 17
Let s(k) be the third derivative of 0*k - 1/12*k**4 + k**2 + 0 + 1/120*k**6 - 5/6*k**3 + 1/12*k**5. What are the prime factors of s(-5)?
5
Let b(h) = 2*h**2 - 4*h + 5. Let t be b(2). Suppose c - t = 12. What are the prime factors of c?
17
Suppose -5*m - 2*j + 38 = -7, -m = j - 9. Suppose 2*c - m = c. What are the prime factors of c?
3
Let z(c) = c**3 - 6*c**2 + c - 6. Let j be z(6). Suppose 3*o + 49 = 2*g, j = -8*g + 5*g + 5*o + 75. What are the prime factors of g?
2, 5
Suppose 6*a - 109 = 59. What are the prime factors of a?
2, 7
List the prime factors of 240/9*(-6)/(-4).
2, 5
Let o(s) be the first derivative of s**4/4 - s**3 + s**2 + 3*s - 1. What are the prime factors of o(3)?
3
Let y be 15/3 + (-2)/1. Suppose -54 = -y*z + 24. List the prime factors of z.
2, 13
Suppose 0 = -5*r + 25, -3*p - 5*r + 122 = 16. List the prime factors of p.
3
Let j(x) be the first derivative of -x**4/4 - x**3/3 - x**2/2 + 37*x - 1. What are the prime factors of j(0)?
37
Let z(b) = 153*b**2 - 4*b + 3. What are the prime factors of z(1)?
2, 19
Suppose 5*a - r - 193 = 0, 0*r - 5*r = 3*a - 127. What are the prime factors of a?
3, 13
Suppose 2*b - 3*m = 11, 4*m - 5*m = -5*b - 5. Let h(o) be the third derivative of o**5/30 + o**4/24 - o**3/3 + o**2. List the prime factors of h(b).
2
Let u be 6/4*(-2)/(-3). Let v = 16 - u. List the prime factors of v.
3, 5
Let h be -1 + 9/3 + 106. What are the prime factors of 3/(-15) + h/15?
7
Suppose -2*d + o + 349 = 0, -2*d - 2*o + 237 = -97. List the prime factors of d.
2, 43
Let h be (-2)/3 + 82/(-3). Let q be (h/5)/((-1)/(-5)). What are the prime factors of 2/3 - q/12?
3
Let t(q) = -q**3 - 9*q**2 + 10*q + 15. Let s be t(-10). Suppose -4*l = l - s. Let c = 19 + l. List the prime factors of c.
2, 11
Suppose 3*m - 9 + 3 = 0, 5*m - 18 = -2*r. Suppose -k = -r*k + 54. List the prime factors of